git of 1347?
3
What is the hundreds digit of 1932?
9
What is the tens digit of 370?
7
What is the hundreds digit of 22456?
4
What is the thousands digit of 7380?
7
What is the ten thousands digit of 15529?
1
What is the units digit of 388?
8
What is the hundreds digit of 1841?
8
What is the hundreds digit of 47884?
8
What is the ten thousands digit of 172469?
7
What is the hundreds digit of 6440?
4
What is the tens digit of 1496?
9
What is the units digit of 723?
3
What is the units digit of 18110?
0
What is the units digit of 835?
5
What is the tens digit of 1441?
4
What is the ten thousands digit of 30647?
3
What is the ten thousands digit of 86560?
8
What is the thousands digit of 23686?
3
What is the tens digit of 287?
8
What is the hundreds digit of 1388?
3
What is the hundreds digit of 14389?
3
What is the thousands digit of 91474?
1
What is the units digit of 210?
0
What is the tens digit of 486?
8
What is the hundreds digit of 372?
3
What is the ten thousands digit of 21950?
2
What is the units digit of 15376?
6
What is the hundreds digit of 75622?
6
What is the units digit of 36812?
2
What is the hundreds digit of 8107?
1
What is the hundreds digit of 174390?
3
What is the hundreds digit of 7771?
7
What is the hundreds digit of 1455?
4
What is the thousands digit of 87641?
7
What is the hundreds digit of 4705?
7
What is the hundreds digit of 2862?
8
What is the thousands digit of 8987?
8
What is the units digit of 5186?
6
What is the hundreds digit of 19919?
9
What is the ten thousands digit of 13454?
1
What is the ten thousands digit of 68689?
6
What is the units digit of 36833?
3
What is the hundreds digit of 116743?
7
What is the tens digit of 69446?
4
What is the units digit of 3155?
5
What is the hundreds digit of 20745?
7
What is the tens digit of 4879?
7
What is the tens digit of 2015?
1
What is the units digit of 418?
8
What is the thousands digit of 41687?
1
What is the tens digit of 9527?
2
What is the hundreds digit of 943?
9
What is the units digit of 176?
6
What is the thousands digit of 90113?
0
What is the tens digit of 1062?
6
What is the units digit of 8831?
1
What is the units digit of 961?
1
What is the hundreds digit of 24652?
6
What is the tens digit of 1732?
3
What is the hundred thousands digit of 118735?
1
What is the units digit of 3071?
1
What is the hundreds digit of 99657?
6
What is the units digit of 322?
2
What is the units digit of 309?
9
What is the hundreds digit of 61664?
6
What is the hundreds digit of 2990?
9
What is the thousands digit of 1765?
1
What is the units digit of 186?
6
What is the thousands digit of 5078?
5
What is the tens digit of 1556?
5
What is the tens digit of 3869?
6
What is the hundreds digit of 1841?
8
What is the ten thousands digit of 72565?
7
What is the hundreds digit of 913?
9
What is the hundreds digit of 11878?
8
What is the hundreds digit of 759?
7
What is the tens digit of 82921?
2
What is the thousands digit of 6695?
6
What is the thousands digit of 15926?
5
What is the tens digit of 3665?
6
What is the units digit of 73?
3
What is the units digit of 7280?
0
What is the units digit of 90483?
3
What is the hundreds digit of 879?
8
What is the thousands digit of 1313?
1
What is the hundreds digit of 1251?
2
What is the units digit of 15019?
9
What is the hundreds digit of 2796?
7
What is the tens digit of 524?
2
What is the tens digit of 65748?
4
What is the tens digit of 587?
8
What is the units digit of 1887?
7
What is the units digit of 4084?
4
What is the ten thousands digit of 10245?
1
What is the tens digit of 404?
0
What is the hundreds digit of 9234?
2
What is the tens digit of 89294?
9
What is the thousands digit of 13376?
3
What is the thousands digit of 81011?
1
What is the thousands digit of 112654?
2
What is the hundreds digit of 40458?
4
What is the units digit of 896?
6
What is the units digit of 3195?
5
What is the units digit of 25725?
5
What is the tens digit of 1870?
7
What is the units digit of 3869?
9
What is the thousands digit of 93884?
3
What is the units digit of 4279?
9
What is the hundreds digit of 302?
3
What is the ten thousands digit of 45226?
4
What is the tens digit of 7021?
2
What is the thousands digit of 7222?
7
What is the thousands digit of 5882?
5
What is the hundreds digit of 2410?
4
What is the hundreds digit of 6502?
5
What is the hundreds digit of 6996?
9
What is the hundreds digit of 13511?
5
What is the thousands digit of 25700?
5
What is the hundreds digit of 427?
4
What is the thousands digit of 21678?
1
What is the hundreds digit of 783?
7
What is the thousands digit of 1259?
1
What is the tens digit of 4308?
0
What is the units digit of 161?
1
What is the units digit of 193?
3
What is the hundreds digit of 3074?
0
What is the units digit of 288?
8
What is the hundreds digit of 620?
6
What is the hundreds digit of 18106?
1
What is the hundreds digit of 116?
1
What is the tens digit of 634?
3
What is the thousands digit of 13455?
3
What is the hundreds digit of 15503?
5
What is the ten thousands digit of 111858?
1
What is the units digit of 653?
3
What is the hundreds digit of 63419?
4
What is the tens digit of 931?
3
What is the thousands digit of 15264?
5
What is the tens digit of 18982?
8
What is the tens digit of 2909?
0
What is the hundreds digit of 778?
7
What is the units digit of 394?
4
What is the units digit of 33627?
7
What is the units digit of 1908?
8
What is the tens digit of 52177?
7
What is the hundreds digit of 2824?
8
What is the hundreds digit of 20178?
1
What is the tens digit of 804?
0
What is the hundreds digit of 7193?
1
What is the tens digit of 581?
8
What is the units digit of 4252?
2
What is the ten thousands digit of 46723?
4
What is the units digit of 356?
6
What is the units digit of 25261?
1
What is the tens digit of 19516?
1
What is the tens digit of 527?
2
What is the hundreds digit of 3097?
0
What is the hundreds digit of 5019?
0
What is the tens digit of 66213?
1
What is the tens digit of 615?
1
What is the thousands digit of 114508?
4
What is the units digit of 32892?
2
What is the ten thousands digit of 35984?
3
What is the ten thousands digit of 28541?
2
What is the thousands digit of 5953?
5
What is the units digit of 676?
6
What is the ten thousands digit of 51420?
5
What is the tens digit of 4594?
9
What is the units digit of 18827?
7
What is the hundreds digit of 1301?
3
What is the tens digit of 6370?
7
What is the thousands digit of 5597?
5
What is the thousands digit of 3845?
3
What is the tens digit of 25628?
2
What is the units digit of 769?
9
What is the hundreds digit of 9076?
0
What is the tens digit of 930?
3
What is the hundred thousands digit of 144540?
1
What is the tens digit of 1094?
9
What is the units digit of 4527?
7
What is the thousands digit of 2706?
2
What is the hundreds digit of 16635?
6
What is the thousands digit of 8948?
8
What is the thousands digit of 19479?
9
What is the units digit of 1182?
2
What is the units digit of 22341?
1
What is the hundred thousands digit of 142746?
1
What is the tens digit of 1019?
1
What is the tens digit of 1543?
4
What is the hundreds digit of 3300?
3
What is the units digit of 39371?
1
What is the thousands digit of 1436?
1
What is the thousands digit of 1408?
1
What is the units digit of 81658?
8
What is the tens digit of 3605?
0
What is the units digit of 1425?
5
What is the tens digit of 12521?
2
What is the thousands digit of 14660?
4
What is the hundreds digit of 13798?
7
What is the thousands digit of 2116?
2
What is the tens digit of 6603?
0
What is the thousands digit of 12125?
2
What is the units digit of 1162?
2
What is the tens digit of 27519?
1
What is the hundreds digit of 4000?
0
What is the hundreds digit of 8866?
8
What is the hundreds digit of 6778?
7
What is the thousands digit of 1050?
1
What is the hundreds digit of 926?
9
What is the tens digit of 1840?
4
What is the thousands digit of 1650?
1
What is the tens digit of 2216?
1
What is the units digit of 98?
8
What is the units digit of 4801?
1
What is the thousands digit of 122258?
2
What is the tens digit of 850?
5
What is the hundreds digit of 60025?
0
What is the ten thousands digit of 19011?
1
What is the tens digit of 966?
6
What is the hundreds